 3*y = -1189, -18*m + 14*m - 3*y + 953 = 0. What is the greatest common divisor of 295 and m?
59
Let g(h) = 2*h**3 - 4*h**2 + 2*h + 6. Let m be g(2). Let u(c) = c + 17. Let v be u(0). Let y = v - m. What is the highest common factor of 28 and y?
7
Let f be (64/(-20))/((-2)/10). Let g(z) = -31*z + 11*z**2 + 4*z**3 - 5*z**3 + 10*z - 9 + 20*z. Let r be g(9). What is the greatest common divisor of r and f?
16
Let g(h) = 2*h**2 - 27*h + 48. Let i be g(12). Suppose -3 - 1 = -x. Calculate the greatest common factor of x and i.
4
Suppose 7*r - 11*r = 0. Suppose 2*l - 12 + 4 = r. Let j be 4/18 + 178/9. Calculate the highest common divisor of l and j.
4
Suppose 13*a - 8221 = 2790. What is the highest common factor of 77 and a?
77
Suppose -8*f = 206 - 1270. Calculate the greatest common divisor of f and 76.
19
Suppose o = 5 - 6. Let j be -7 + 16 - (o + 4). What is the highest common divisor of 10 and j?
2
Suppose -35 = -x - 5*q, -2*x - 80 + 136 = -4*q. Calculate the highest common factor of 426 and x.
6
Let s(h) = -63*h**3 - 5*h**2 - 7*h - 2. Let n be s(-1). Calculate the greatest common factor of 81 and n.
9
Let p = -2 + 5. Suppose -3*t = 3*x + 30, p*x + t = -2*x - 50. Let a be (-5)/x*(21 + 1). Calculate the highest common factor of 33 and a.
11
Let g(a) = -33*a - 72. Let d be g(-8). What is the greatest common factor of d and 48?
48
Suppose -m - 2*m = -567. Let x = 44 - 28. Suppose x*h - 14*h = 42. Calculate the highest common divisor of h and m.
21
Let m(r) = 47*r + 1514. Let b be m(13). What is the greatest common factor of 255 and b?
85
Let m(w) be the third derivative of 1/2*w**4 + 0 - 1/60*w**5 + 0*w - 4/3*w**3 + 3*w**2. Let d be m(11). Calculate the greatest common divisor of 33 and d.
3
Suppose -4*g - q + 558 = 0, -2*q - 95 = -3*g + 329. What is the highest common divisor of 35 and g?
35
Suppose -304 = -4*s + 240. Calculate the highest common factor of s and 8.
8
Let d = -169 + 211. Calculate the greatest common factor of d and 658.
14
Suppose -33 = -5*x + 17. Suppose -2*h + 6 = -x. Let n = -3803 - -3843. What is the highest common divisor of h and n?
8
Let v(z) = z**3 + 12*z**2 + 8*z + 9. Let b be v(-5). What is the greatest common divisor of b and 16?
16
Let u be ((-4)/3)/(12/(-18)). Let h be u/5 - (2 + 294/(-15)). Let s be 10/25 - 268/(-5). What is the greatest common factor of h and s?
18
Let s(m) = m**2 - 15*m - 109. Let n be s(-7). What is the highest common factor of n and 330?
15
Let w(h) = -8*h - h + 4*h - h**2 - 6 - 4*h. Let k be w(-6). What is the highest common divisor of k and 12?
12
Let u(s) = 3*s + 102. Let c be u(-18). What is the highest common divisor of c and 12?
12
Let w(c) = -7*c - 4. Let h be w(-1). Suppose x = -5*s - 45, 2*s - 45 = 2*x - h*s. Let k = -25 - x. Calculate the highest common factor of 40 and k.
5
Suppose 5*n - 4*f + 7 = 0, 3*n - 19 = -5*f - 1. Calculate the greatest common factor of 142 and n.
1
Suppose 21*r = 18531 - 4167. What is the highest common divisor of 36 and r?
36
Let r be (-52)/(-78) + 128/6. What is the greatest common factor of 22 and r?
22
Suppose 3*u + 1 = -v, 0*u = -5*v - 2*u + 60. Suppose 43*l - 134 = -4*x + 46*l, -64 = -2*x + 3*l. What is the greatest common factor of x and v?
7
Let o = -52 + 82. Calculate the highest common factor of 230 and o.
10
Let n(x) be the first derivative of -3*x + 2*x + 4*x**2 + 7 - x**2 - 4*x**2. Let h be n(-3). Calculate the greatest common factor of h and 45.
5
Let s(p) = p**2 - 41*p - 86. Let j be s(-5). Let k = -83 + 179. Calculate the highest common factor of j and k.
48
Let t(p) = 5*p**2 - 3*p + 9. Suppose -3*f - 19 = a - 2*a, -5*a + 5 = 0. Let x be t(f). What is the highest common factor of x and 23?
23
Let b(v) = -v + 8. Let y be b(0). Suppose -46 = -5*q - 6*g, 5*g = -5*q + 10 + 35. Calculate the greatest common divisor of y and q.
8
Let y = 115 - 71. What is the highest common factor of y and 11?
11
Suppose 16*c - 25*c = -441. Calculate the highest common divisor of c and 3136.
49
Let g(b) = -b**3 + 67*b**2 - 130*b + 108. Let n be g(65). What is the highest common divisor of n and 81?
27
Suppose -4 - 12 = -4*r. Let d be r*9/12*1. Let c = 47 - 26. Calculate the greatest common factor of c and d.
3
Suppose -6*a = 2*p - 2*a + 14, 4*a - 7 = 5*p. Let i be (2/2)/(p/(-195)). Let g be -1 - (0 + 0) - -27. Calculate the highest common divisor of i and g.
13
Let q = 1093 - 1072. What is the greatest common factor of q and 15?
3
Let i be ((-4)/(-5))/(2/10). Let r be (-3 - 4) + 4 + 1*3. Let b be 7 - -2 - (r + i). What is the greatest common divisor of b and 35?
5
Let o(d) = 60*d**3 + d**2. Let l be o(-1). Let w = 386 - 361. Let a = w - l. What is the greatest common divisor of 12 and a?
12
Suppose 5*m = 23*m - 378. What is the highest common divisor of m and 14?
7
Let i be 343 - 1/((-3)/(-6))*1. Calculate the highest common divisor of i and 62.
31
Suppose 13*s - 728 = 6*s. Let m = 118 - s. Let d be 154 + -1 + 3 + -2. What is the highest common factor of m and d?
14
Suppose 15 = -5*n, 2 = 3*j - n - 4. Let u be (j + -4 + 3)/(-1). Suppose u = -o + 7 + 2. Calculate the greatest common divisor of 81 and o.
9
Suppose 3*n + 734 = 4*v, 142 = 4*v - n - 588. What is the greatest common divisor of v and 28?
14
Let s(o) = 17*o - 8. Let f be s(-2). Let z be 80*(6/14 - 24/f). What is the greatest common factor of z and 8?
8
Suppose 12 + 13 = 5*o, 5*i - o - 1100 = 0. Calculate the greatest common divisor of 13 and i.
13
Suppose 0 = 5*v + 5*u - 5, -u + 3*u = -v + 2. Let o = 65 + -53. Suppose x = -v*x + o. Calculate the greatest common divisor of x and 84.
12
Let p(j) = -j**3 - 20*j**2 + 22*j + 28. Let k be p(-21). Let z be 7/(-2*3/(-12)). Calculate the greatest common divisor of z and k.
7
Let z = 350 + -338. What is the highest common factor of 9 and z?
3
Suppose 4*i = -4*l, 0 = -2*i + i + 2*l + 6. Let j = 39 + i. What is the greatest common factor of 287 and j?
41
Let s = -217 - -219. What is the highest common divisor of s and 16?
2
Let s = -638 + 3103. What is the highest common divisor of 29 and s?
29
Suppose -4*u - 24 = -3*n - 1, 0 = 3*n - 2*u - 13. Let j = -4 + n. Let b be 2*1*(-12)/j. What is the highest common divisor of b and 8?
8
Let i(d) = 6*d**2 - 66. Let j be i(6). Calculate the greatest common divisor of j and 40.
10
Let a(i) = -i**3 - 29*i**2 - 30*i - 8. Let j be a(-28). Calculate the greatest common divisor of 3 and j.
3
Let t(l) = -20*l - 9. Let a be t(-1). Calculate the greatest common divisor of a and 77.
11
Suppose -3 = -3*q, -1 = -s - q + 3. Suppose -g + 27 = s. Calculate the greatest common factor of g and 6.
6
Suppose -4*x = -138 - 206. Suppose x = 2*v - 134. Suppose -8 = -r - 2*a, -5*a + 15 = 4*r - 2*r. Calculate the greatest common factor of v and r.
10
Let g be (1323/245)/((-13)/(-10) - 1). Calculate the greatest common factor of g and 42.
6
Suppose -4*w + 5 = 1. Let t(s) = -86*s + 14*s - 2 + 61*s + 57*s. Let u be t(w). What is the greatest common factor of u and 11?
11
Suppose 0 = -3*k - 4 + 25. Let y be (k - -2)/(20/(-7) - -3). Let h be (-2 - (1 + -2))*-7. What is the highest common divisor of h and y?
7
Suppose -4*a - 1343 = 3*u + 1372, -5*u + a - 4548 = 0. Let z = -557 - u. Calculate the greatest common factor of z and 22.
22
Suppose -5*f - 5*c = -14 - 21, 4*c = 16. Let t(l) = 68*l + 68. Let w be t(-1). Suppose f*p - 24 = -w*p. What is the highest common divisor of 2 and p?
2
Let t be 6462/108 + (-5)/6. What is the highest common factor of t and 354?
59
Let b = 342 - 592. Let g be 4/(-10) - (-10)/(b/(-285)). What is the greatest common divisor of g and 99?
11
Let h(r) = -4*r - 11. Let t be h(-19). Calculate the greatest common divisor of t and 117.
13
Let a(o) = -5*o + 2. Let j(q) = q - 3. Let v be j(7). Let z be a(v). Let t be (-34)/(-4) - 9/z. What is the greatest common divisor of 99 and t?
9
Let d(x) = 5*x + 20. Let r be d(11). Suppose 0 = 10*g - 6*g - 120. What is the highest common factor of r and g?
15
Let d be -3 + (1 - 0) + 2975. Let h be 2/(-10) - d/(-15). Suppose -8*u + 9*u - h = 0. What is the greatest common factor of u and 22?
22
Let m = 30 + -29. Let w be (m/(-3) + -1)*-3. Let p = -35 - -67. Calculate the greatest common divisor of w and p.
4
Let r(x) be the first derivative of -3 + 1/4*x**4 + 16/3*x**3 + 7*x**2 - x. Let n be r(-15). 